s 35 a factor of 28596?
False
Is 29168 a multiple of 8?
True
Is 5259450 a multiple of 15?
True
Is 2953958 a multiple of 514?
True
Is 31 a factor of 16369457?
True
Is 202 a factor of 428491?
False
Is 4953904 a multiple of 8?
True
Is 36252 a multiple of 19?
True
Does 18 divide 113839?
False
Does 103 divide 311266?
True
Is 1047290 even?
True
Is 97 a factor of 193030?
True
Does 4 divide 30564?
True
Does 91 divide 1780142?
True
Is 1912196 a multiple of 40?
False
Is 229669 a multiple of 13?
False
Is 500 a factor of 307571?
False
Does 138 divide 11592?
True
Is 3096085 a multiple of 14?
False
Is 46265 a multiple of 2?
False
Is 38 a factor of 61180?
True
Is 3377818 a multiple of 16?
False
Is 5106194 a multiple of 191?
True
Is 416414 a multiple of 405?
False
Does 36 divide 427030?
False
Is 745 a factor of 3878470?
True
Does 38 divide 366776?
True
Is 984 a factor of 22910571?
False
Is 731962 a multiple of 33?
False
Is 425 a factor of 706775?
True
Does 21 divide 187509?
True
Is 57341 a multiple of 17?
True
Does 40 divide 72760?
True
Is 17590333 a multiple of 100?
False
Is 26 a factor of 997672?
True
Does 7 divide 1181642?
True
Is 132 a factor of 7476744?
True
Is 15 a factor of 138435?
True
Is 2 a factor of 122768?
True
Is 994917 a multiple of 19?
False
Is 5649041 a multiple of 105?
False
Does 26 divide 45500?
True
Is 3 a factor of 13461?
True
Is 1170 a factor of 12218050?
False
Is 21 a factor of 212343?
False
Is 47 a factor of 9560426?
False
Is 12 a factor of 57921?
False
Does 526 divide 165164?
True
Is 325527 a multiple of 20?
False
Is 95 a factor of 297988?
False
Is 178 a factor of 575420?
False
Is 308064 a multiple of 96?
True
Does 32 divide 11674848?
True
Does 163 divide 160229?
True
Is 1380944 a multiple of 4?
True
Is 766126 a multiple of 37?
False
Does 285 divide 982451?
False
Does 334 divide 207340?
False
Is 17635706 a multiple of 22?
True
Is 112 a factor of 733600?
True
Is 9 a factor of 241189?
False
Does 306 divide 405411?
False
Is 172560 a multiple of 13?
False
Does 481 divide 1380951?
True
Is 619737 a multiple of 26?
False
Does 340 divide 172720?
True
Does 6 divide 649087?
False
Does 254 divide 196658?
False
Is 23 a factor of 2882797?
True
Is 111 a factor of 5809962?
True
Is 146167 a multiple of 160?
False
Does 21 divide 34176?
False
Is 7 a factor of 3261612?
False
Does 23 divide 790027?
True
Is 20 a factor of 2319080?
True
Is 2638726 a multiple of 3?
False
Is 208350 a multiple of 25?
True
Does 52 divide 90532?
True
Is 42 a factor of 57414?
True
Is 882605 a multiple of 8?
False
Is 107 a factor of 1722324?
False
Is 880530 a multiple of 147?
True
Is 15 a factor of 146011?
False
Is 1434054 a multiple of 177?
True
Is 8 a factor of 117624?
True
Does 58 divide 456743?
False
Is 15 a factor of 2948023?
False
Is 7670072 a multiple of 152?
True
Is 756679 a multiple of 8?
False
Is 786071 a multiple of 143?
True
Does 4 divide 111224?
True
Is 7870324 a multiple of 1111?
True
Does 17 divide 445944?
True
Is 147 a factor of 2367435?
True
Is 451 a factor of 57728?
True
Does 15 divide 177805?
False
Does 25 divide 137642?
False
Is 26 a factor of 1782211?
False
Does 3 divide 75522?
True
Does 30 divide 2180790?
True
Is 153 a factor of 159426?
True
Does 14 divide 6912798?
False
Is 72523 a multiple of 9?
False
Is 319392 a multiple of 29?
False
Does 515 divide 150828?
False
Does 23 divide 132050?
False
Is 135946 a multiple of 101?
True
Does 118 divide 189109?
False
Is 2949940 a multiple of 70?
True
Is 611 a factor of 3797976?
True
Is 16 a factor of 6272?
True
Does 130 divide 3469607?
False
Is 22204 a multiple of 4?
True
Is 31605 a multiple of 15?
True
Is 2908171 a multiple of 287?
True
Is 17 a factor of 78200?
True
Does 15 divide 1703447?
False
Is 2172 a factor of 13741239?
False
Does 51 divide 13145305?
False
Is 4520860 a multiple of 20?
True
Is 3021137 a multiple of 181?
False
Does 109 divide 50576?
True
Is 172 a factor of 10462760?
True
Does 570 divide 1644450?
True
Does 13 divide 219739?
True
Does 41 divide 803313?
True
Does 11 divide 18474698?
True
Is 70224 a multiple of 14?
True
Is 353 a factor of 671406?
True
Is 6 a factor of 66126?
True
Is 649572 a multiple of 627?
True
Is 11 a factor of 7985336?
False
Is 38 a factor of 33858?
True
Does 26 divide 75790?
True
Does 27 divide 220721?
False
Is 169 a factor of 137228?
True
Is 1065580 a multiple of 19?
False
Is 751 a factor of 4129462?
False
Is 2852274 a multiple of 137?
False
Is 121621 a multiple of 13?
False
Is 20 a factor of 32980?
True
Does 9 divide 43875?
True
Is 2 a factor of 43989?
False
Is 1852386 a multiple of 3?
True
Is 54 a factor of 16425450?
True
Is 1500157 a multiple of 14?
False
Is 295 a factor of 1924580?
True
Is 61391 a multiple of 36?
False
Is 5 a factor of 677443?
False
Is 13 a factor of 8935768?
False
Does 20 divide 54400?
True
Does 41 divide 526979?
False
Is 34 a factor of 180077?
False
Is 74566 a multiple of 9?
False
Does 5 divide 149855?
True
Is 219636 a multiple of 18?
True
Does 47 divide 6674018?
False
Does 338 divide 1325974?
True
Is 59886 a multiple of 6?
True
Is 537472 a multiple of 101?
False
Is 136 a factor of 36272?
False
Is 397491 a multiple of 70?
False
Does 776 divide 7607859?
False
Is 741420 a multiple of 45?
True
Is 14 a factor of 135954?
True
Is 11702041 a multiple of 1359?
False
Is 122 a factor of 5824556?
False
Is 1578 a factor of 24531588?
True
Does 1084 divide 1076679?
False
Is 3 a factor of 14978?
False
Does 1069 divide 6770495?
False
Does 103 divide 1442507?
False
Is 15491864 a multiple of 862?
True
Is 12650 a multiple of 2?
True
Is 7 a factor of 6138904?
False
Does 50 divide 55150?
True
Does 31 divide 40228?
False
Is 3581157 a multiple of 101?
True
Does 144 divide 2674656?
True
Does 23 divide 119441?
False
Is 896058 a multiple of 482?
False
Is 32 a factor of 78208?
True
Is 58572 a multiple of 36?
True
Is 162 a factor of 4231116?
True
Is 193 a factor of 382378?
False
Is 237314 a multiple of 134?
True
Is 61065 a multiple of 3?
True
Is 9474598 a multiple of 53?
True
Is 392391 a multiple of 251?
False
Is 83123 a multiple of 46?
False
Does 587 divide 47948?
False
Is 5270 a multiple of 10?
True
Is 5759139 a multiple of 6?
False
Does 13 divide 347035?
True
Does 57 divide 551247?
True
Is 168456 a multiple of 24?
True
Does 14 divide 2811845?
False
Is 3053942 a multiple of 19?
False
Is 539205 a multiple of 13?
False
Does 639 divide 5415525?
True
Is 104 a factor of 1026273?
False
Is 66 a factor of 477246?
True
Is 1434339 a multiple of 31?
True
Is 96 a factor of 2089728?
True
Does 331 divide 1392848?
True
Is 55411 a multiple of 4?
False
Does 143 divide 317198?
False
Does 96 divide 213361?
False
Is 8 a factor of 1811856?
True
Does 6 divide 35892?
True
Does 30 divide 6046?
False
Is 35 a factor of 6826435?
True
Is 42 a factor of 3426486?
True
Is 5 a factor of 106718?
False
Does 22 divide 1010044?
False
Is 16 a factor of 298453?
False
Does 1541 divide 10871755?
True
Is 92 a factor of 1748736?
True
Is 1582740 a multiple of 270?
True
Is 165 a factor of 984225?
True
Is 90 a factor of 117540?
True
Is 4769280 a multiple of 34?
False
Does 222 divide 2722306?
False
Is 1471902 a multiple of 46?
False
Is 40 a factor of 395960?
True
Is 44 a factor of 23672?
True
Does 114 divide 1533072?
True
Is 3 a factor of 1448184?
True
Is 28 a factor of 38612?
True
Does 60 divide 2302311?
False
Does 310 divide 5603250?
True
Is 555560 a multiple of 16?
False
Does 147 divide 235110?
False
Does 51 divide 7066100?
False
Does 23 divide 553886?
True
Is 332694 a multiple of 202?
True
Does 5 divide 389515?
True
Is 141 a factor of 725304?
True
Is 284932 a multiple of 56?
False
Is 12607888 a multiple of 15?
False
Is 6214569 a multiple of 587?
True
Is 207142 even?
True
Is 210163 a multiple of 9?
False
Does 83 divide 488225?
False
Is 41 a factor of 591056?
True
Does 864 divide 680832?
True
Does 121 divide 13388892?
True
Is 126997 a multiple of 189?
False
Does 797 divide 1020221?
False
Is 286 a factor of 3391805?
False
Is 181909 a multiple of 91?
True
Does 3 divide 322?
False
Does 14 divide 381539?
False
Is 10 a factor of 533223?
False
Is 348906 a multiple of 187?
False
Does 29 divide 154773?
True
Is 151 a factor of 68579?
False
Does 193 divide 150733?
True
Is 39330 a multiple of 35?
False
Does 9 divide 460334?
False
Do